{"id":2,"date":"2015-03-03T12:07:43","date_gmt":"2015-03-03T12:07:43","guid":{"rendered":"http:\/\/copropa.it\/coop\/?page_id=2"},"modified":"2024-09-02T21:53:56","modified_gmt":"2024-09-02T19:53:56","slug":"azienda","status":"publish","type":"page","link":"https:\/\/copropa.it\/coop\/azienda\/","title":{"rendered":"COPROPA: un operatore sicuro ed affidabile"},"content":{"rendered":"<p><img loading=\"lazy\" decoding=\"async\" class=\"alignleft wp-image-1773 size-medium\" src=\"http:\/\/copropa.it\/coop\/wp-content\/uploads\/2015\/03\/COPROPA_back-300x200.jpg\" alt=\"COPROPA campi\" width=\"300\" height=\"200\" srcset=\"https:\/\/copropa.it\/coop\/wp-content\/uploads\/2015\/03\/COPROPA_back-300x200.jpg 300w, https:\/\/copropa.it\/coop\/wp-content\/uploads\/2015\/03\/COPROPA_back-1024x682.jpg 1024w, https:\/\/copropa.it\/coop\/wp-content\/uploads\/2015\/03\/COPROPA_back.jpg 1406w\" sizes=\"(max-width: 300px) 100vw, 300px\" \/>La Co.Pro.Pa. s.c.a.r.l. \u00e8 stata costituita nel 1988 dai soci della Latteria di Ovoledo di Zoppola che era rimasta con poco latte e quindi stava per terminare il suo percorso iniziato nel lontano 1926.<br \/>\nE\u2019 iniziata l\u2019attivit\u00e0 nel 1990 in un capannone affittato a Murlis di Zoppola, con i soli soci di Ovoledo, raccogliendo 6.000 quintali di patate.<br \/>\nNegli anni successivi arrivarono nuovi soci non solo delle frazioni del Comune di Zoppola ma di diversi comuni della Provincia di Pordenone.<br \/>\nNel 1991 i quintali passarono a 15.000 e nel 1992 a q.li 28.000.<br \/>\nNel 1993 venne trasferita l\u2019attivit\u00e0 nel nuovo capannone di propriet\u00e0 della Cooperativa dotato di <strong>celle frigo per la conservazione di circa 35.000 q.li di patate<\/strong> a Ovoledo di Zopola Via Zoppola n.37. La produzione \u00e8 aumentata gradualmente fino ad arrivare nel 2002 a 57.000 q.li (nel 2003 q.li 37.000 per la siccit\u00e0!).<br \/>\nAttualmente i soci sono circa 70 delle province di Pordenone e Udine che producono <strong>patate<\/strong>.<br \/>\n<img loading=\"lazy\" decoding=\"async\" class=\"alignright wp-image-1751 size-medium\" src=\"http:\/\/copropa.it\/coop\/wp-content\/uploads\/2015\/03\/sacco-300x200.png\" alt=\"sacco\" width=\"300\" height=\"200\" srcset=\"https:\/\/copropa.it\/coop\/wp-content\/uploads\/2015\/03\/sacco-300x200.png 300w, https:\/\/copropa.it\/coop\/wp-content\/uploads\/2015\/03\/sacco.png 571w\" sizes=\"(max-width: 300px) 100vw, 300px\" \/><br \/>\nI prodotti vengono venduti in gran parte confezionati con i nostri impianti in <strong>sacchi o buste<\/strong> da Kg. 1.5 \u2013 2 &#8211; 2.5 \u2013 5 \u2013 10 lavati (o spazzolati), sfuse in casse.<br \/>\nI nostri clienti si trovano principalmente in Friuli, un terzo circa del prodotto viene venduto in Emilia Romagna e Veneto, una piccola parte nel Lazio.<br \/>\nLe variet\u00e0 pi\u00f9 in uso sono Marabel e Innovator a pasta gialla, Manitou con buccia rossa e pasta gialla, Kennebec , a pasta bianca.<br \/>\nOgni anno vengono sperimentate nuove variet\u00e0 per ricercare il meglio sotto il profilo produttivo, di conservazione e non di meno quello culinario.<br \/>\nAnni fa molti ricorderanno la variet\u00e0 Monalisa molto buona e di ottima produzione, attualmente questa \u00e8 stata sostituita delle variet\u00e0 sempre a pasta gialla Marabel.<br \/>\nLe patate della Co.Pro.Pa. vengono prodotte dai propri soci nel rispetto di un disciplinare interno che limita l\u2019uso di fertilizzanti, diserbanti e antiparassitari; alla raccolta vengono effettuate analisi sui tuberi sia chimiche che organolettiche per garantire ai propri clienti e i consumatori che il prodotto <strong>non abbia residui di pesticidi di alcun genere<\/strong>. Da diversi anni vengono certificate con il marchio AquA<\/p>\n<table>\n<tbody>\n<tr>\n<td>Anno di costituzione:<\/td>\n<td>1988<\/td>\n<\/tr>\n<tr>\n<td>Soci:<\/td>\n<td>121<\/td>\n<\/tr>\n<tr>\n<tr>\n<td>Variet\u00e0 di patata coltivate:<\/td>\n<td>Agata, Vivaldi, Marabel, Kuroda, Imola, Kennebec, Virgo, Finka<\/td>\n<\/tr>\n<tr>\n<td>Zone di produzione:<\/td>\n<td>Comuni della provincia di Udine e Pordenone<\/td>\n<\/tr>\n<tr>\n<td>Conservazione:<\/td>\n<td>in celle frigorifere a temperatura e umidit\u00e0 controllate<\/td>\n<\/tr>\n<tr>\n<td>Capacit\u00e0 di lavorazione:<\/td>\n<td>300 quintali al giorno<\/td>\n<\/tr>\n<tr>\n<td>Packaging:<\/td>\n<td>Vertibag da 1.2 &#8211; 2 kg; sacchi da 5 kg<\/td>\n<\/tr>\n<tr>\n<td>Presidente:<\/td>\n<td>Pier Vito Quattrin<\/td>\n<\/tr>\n<tr>\n<td>Vice Presidenti:<\/td>\n<td>Luca Ornella e Luca Del Zotto<\/td>\n<\/tr>\n<tr>\n<td>Consiglieri totali:<\/td>\n<td>n. 8<\/td>\n<\/tr>\n<\/tbody>\n<\/table>\n<h3 style=\"color: rgb(234, 142, 69);\">I soci della Cooperativa si impegnano a conferire l\u2019intera produzione pataticola aziendale.<\/h3>\n<p>Tutti gli associati alla Copropa aderiscono al disciplinare di produzione integrata redatto annualmente dalla cooperativa stessa ed approvato dalla catena distributiva Coop Italia.<br \/>\nLa merce arriva in cooperativa direttamente dalle aziende entro la giornata della raccolta, come previsto dal regolamento interno. Il trasporto avviene a temperatura ambiente, attraverso l\u2019uso di trattori gommati e rimorchi autorizzati per gli spostamenti su strade urbane. Giunta in cooperativa la merce viene pesata, identificata, sottoposta ai controlli qualitativi per la valutazione della pezzatura, forma, fisiopatie per lotti\/partite omogenei e depositata in cella di stoccaggio alla temperatura di circa 5-7 \u00b0C. I tempi dello stoccaggio dipendono dall\u2019andamento commerciale nel corso dell\u2019anno. Successivamente il prodotto viene immesso nell\u2019impianto per la calibrazione, lavaggio e cernita.<\/p>\n<p>Dall\u2019azienda agricola alla consegna in cooperativa, fino al prodotto finito confezionato, viene sempre assicurata l\u2019identificazione e la tracciabilit\u00e0 delle partite di prodotto. Al momento della consegna, il prodotto viene adeguatamente cartellinato in ogni cassone con apposito cartellino per consentire l\u2019identificazione della partita consegnata durante le fasi successive. Per ogni contenitore vengono riportati nome della variet\u00e0, numero del socio e numero di consegna.<\/p>\n<h3 style=\"color: rgb(234, 142, 69);\">Ogni consegna rappresenta un lotto del singolo produttore.<\/h3>\n<p>L\u2019identificazione viene mantenuta in tutte le fasi di movimentazione, lavorazione e confezionamento, anche attraverso la formazione di lotti di lavorazione omogenei e l\u2019adozione di schede di confezionamento che permettono la rintracciabilit\u00e0 delle partite fino alla consegna al cliente. L\u2019identificazione sul prodotto finito viene assicurata dall\u2019indicazione dello stabilimento di lavorazione, dalla data e dai codici di confezionamento e da un codice di lotto corrispondente al produttore: tutto ci\u00f2 \u00e8 riportato in etichetta per ciascuna confezione.<br \/>\nI dati qualitativi raccolti al momento del conferimento, vengono memorizzati e sono sempre riconducibili al singolo socio, per il quale viene determinato il quantitativo di prodotto che rientra nei parametri qualitativi imposti dal discipilinare.<\/p>\n<h3 style=\"color: rgb(234, 142, 69);\">La Cooperativa produce le seguenti variet\u00e0 di patate che sono indicate per le seguenti utilizzazioni:<\/h3>\n<ul>\n<li>ARTEMIS \t(pasta gialla \u2013 lesso e forno)<\/li>\n<li>AMBRA\t(pasta gialla \u2013 per tutti gli usi)<\/li>\n<li>UNIVESA\t(pasta gialla \u2013 lesso e forno)<\/li>\n<li>CHOPIN\t(pasta gialla \u2013 lesso e forno)<\/li>\n<li>ORCHESTRA\t(pasta gialla \u2013 lesso e forno)<\/li>\n<li>MARABEL \t(pasta gialla \u2013 per tutti gli usi)<\/li>\n<li>KENNEBEC \t(pasta bianca \u2013 gnocchi, crocchette e pur\u00e8)<\/li>\n<li>MANITOU \t(buccia rossa, pasta gialla \u2013 fritto e gnocchi)<\/li>\n<\/ul>\n","protected":false},"excerpt":{"rendered":"<p>La Co.Pro.Pa. s.c.a.r.l. \u00e8 stata costituita nel 1988 dai soci della Latteria di Ovoledo di Zoppola che era rimasta con &hellip; <a href=\"https:\/\/copropa.it\/coop\/azienda\/\"><br \/>Leggi tutto&#8230;<\/a><\/p>\n","protected":false},"author":1,"featured_media":0,"parent":0,"menu_order":0,"comment_status":"open","ping_status":"open","template":"","meta":{"_acf_changed":false,"footnotes":""},"class_list":["post-2","page","type-page","status-publish","hentry"],"acf":[],"_links":{"self":[{"href":"https:\/\/copropa.it\/coop\/wp-json\/wp\/v2\/pages\/2"}],"collection":[{"href":"https:\/\/copropa.it\/coop\/wp-json\/wp\/v2\/pages"}],"about":[{"href":"https:\/\/copropa.it\/coop\/wp-json\/wp\/v2\/types\/page"}],"author":[{"embeddable":true,"href":"https:\/\/copropa.it\/coop\/wp-json\/wp\/v2\/users\/1"}],"replies":[{"embeddable":true,"href":"https:\/\/copropa.it\/coop\/wp-json\/wp\/v2\/comments?post=2"}],"version-history":[{"count":0,"href":"https:\/\/copropa.it\/coop\/wp-json\/wp\/v2\/pages\/2\/revisions"}],"wp:attachment":[{"href":"https:\/\/copropa.it\/coop\/wp-json\/wp\/v2\/media?parent=2"}],"curies":[{"name":"wp","href":"https:\/\/api.w.org\/{rel}","templated":true}]}}